{"id":131,"date":"2023-01-04T16:26:09","date_gmt":"2023-01-04T16:26:09","guid":{"rendered":"https:\/\/www.marksopen.com\/?page_id=131"},"modified":"2024-01-17T08:22:09","modified_gmt":"2024-01-17T08:22:09","slug":"registro-de-marcas-y-patentes","status":"publish","type":"page","link":"https:\/\/www.marksopen.com\/","title":{"rendered":"MARCAS"},"content":{"rendered":"\n<p><strong><mark style=\"background-color:rgba(0, 0, 0, 0);color:#5ce1e6\" class=\"has-inline-color\">MARCAS Y NOMBRES COMERCIALES NACIONALES<\/mark><\/strong><\/p>\n\n\n\n<p>Descubre lo f\u00e1cil y econ\u00f3mico que es registrar una Marca en Espa\u00f1a. Por 365 \u20ac puedes tener tu Marca registrada en Espa\u00f1a. Te mantendremos informado en todo momento del estado del registro, desde la solicitud hasta la concesi\u00f3n.<\/p>\n\n\n\n<p><strong>Solicitud de Marca o Nombre Comercial en 1 clase: 365 \u20ac<\/strong><\/p>\n\n\n\n<p><strong>T\u00edtulo, mantenimiento y vigilancia durante 10 a\u00f1os: 100 \u20ac<\/strong><\/p>\n\n\n\n<p>El precio incluye: tasas oficiales y honorarios.<\/p>\n\n\n\n<p><\/p>\n\n\n\n<p class=\"has-text-align-left\"><strong><mark style=\"background-color:rgba(0, 0, 0, 0);color:#5ce1e6\" class=\"has-inline-color\">MARCAS DE LA UNI\u00d3N EUROPEA (27 PA\u00cdSES)<\/mark><\/strong><\/p>\n\n\n\n<p class=\"has-text-align-left\">Protege la Marca de su producto o servicio de forma r\u00e1pida y sencilla. Por solo 1.199 \u20ac, registra tu marca en 27 pa\u00edses de la Uni\u00f3n Europea, no esperes a que otros copien lo que has creado y conserva la exclusividad de tu Marca.<\/p>\n\n\n\n<p><strong>Solicitud de Marca de la Uni\u00f3n Europea en 1 clase: 1.199 \u20ac<\/strong><\/p>\n\n\n\n<p><strong>T\u00edtulo, mantenimiento y vigilancia durante 10 a\u00f1os: 150 \u20ac<\/strong><\/p>\n\n\n\n<p>El precio incluye: tasas oficiales y honorarios.<\/p>\n\n\n\n<p><strong><mark style=\"background-color:rgba(0, 0, 0, 0);color:#5ce1e6\" class=\"has-inline-color\">MARCA INTERNACIONAL<\/mark><\/strong><\/p>\n\n\n\n<p>Si ya tienes una marca registrada y tus productos traspasan nuestras fronteras, protege tu marca con una Marca Internacional.<\/p>\n\n\n\n<p>El tr\u00e1mite se realiza con una sola solicitud, donde puedes elegir entre los pa\u00edses miembros de los acuerdos de Marcas Internacionales, aquellos pa\u00edses en los que le interesa proteger su marca.<\/p>\n\n\n\n<p>Una vez solicitada la marca en la Organizaci\u00f3n Mundial de la Propiedad Intelectual, cada uno de estos pa\u00edses otorga la concesi\u00f3n de manera individual. Al ser un proceso combinado resulta m\u00e1s econ\u00f3mico que registrar una marca directamente en cada pa\u00eds.<\/p>\n\n\n\n<p><\/p>\n\n\n\n<ul class=\"wp-block-list\">\n<li>Marca en Reino Unido<\/li>\n\n\n\n<li>Marca en cualquier pa\u00eds del mundo<\/li>\n\n\n\n<li>Renovaci\u00f3n de marcas<\/li>\n\n\n\n<li>Transferencias de marcas<\/li>\n\n\n\n<li>Oposiciones<\/li>\n\n\n\n<li>Contestaci\u00f3n a suspensos oficiales<\/li>\n\n\n\n<li>Recursos<\/li>\n<\/ul>\n\n\n\n<p>Cons\u00faltanos: <a href=\"mailto:info@marksopen.com\" target=\"_blank\" rel=\"noreferrer noopener\">info@marksopen.com<\/a><\/p>\n\n\n\n<p><\/p>\n\n\n\n<p><\/p>\n\n\n\n<ul class=\"wp-block-list\">\n<li>No incluye IVA.<\/li>\n\n\n\n<li>30 \u20ac gastos bancarios para transferencias fuera de Espa\u00f1a.<\/li>\n<\/ul>\n","protected":false},"excerpt":{"rendered":"<p>MARCAS Y NOMBRES COMERCIALES NACIONALES Descubre lo f\u00e1cil y econ\u00f3mico que es registrar una Marca en Espa\u00f1a. Por 365 \u20ac [&hellip;]<\/p>\n","protected":false},"author":1,"featured_media":0,"parent":0,"menu_order":1,"comment_status":"closed","ping_status":"closed","template":"","meta":{"om_disable_all_campaigns":false,"_monsterinsights_skip_tracking":false,"_monsterinsights_sitenote_active":false,"_monsterinsights_sitenote_note":"","_monsterinsights_sitenote_category":0,"footnotes":""},"class_list":["post-131","page","type-page","status-publish","hentry"],"aioseo_notices":[],"yoast_head":"<!-- This site is optimized with the Yoast SEO plugin v19.14 - https:\/\/yoast.com\/wordpress\/plugins\/seo\/ -->\n<title>365 \u20ac Marca Nacional - 1.199 \u20ac Marca de la Uni\u00f3n Europea<\/title>\n<meta name=\"description\" content=\"165 \u20ac solicita tu MARCA en Espa\u00f1a y 1.170 \u20ac en la Uni\u00f3n Europea. Ll\u00e1manos al 747 466 711 o env\u00eda tu consulta a info@marksopen.com. Te ayudamos a registrar tu MARCA\u00ae\" \/>\n<meta name=\"robots\" content=\"index, follow, max-snippet:-1, max-image-preview:large, max-video-preview:-1\" \/>\n<link rel=\"canonical\" href=\"https:\/\/www.marksopen.com\/\" \/>\n<meta property=\"og:locale\" content=\"es_ES\" \/>\n<meta property=\"og:type\" content=\"article\" \/>\n<meta property=\"og:title\" content=\"365 \u20ac Marca Nacional - 1.199 \u20ac Marca de la Uni\u00f3n Europea\" \/>\n<meta property=\"og:description\" content=\"165 \u20ac solicita tu MARCA en Espa\u00f1a y 1.170 \u20ac en la Uni\u00f3n Europea. Ll\u00e1manos al 747 466 711 o env\u00eda tu consulta a info@marksopen.com. Te ayudamos a registrar tu MARCA\u00ae\" \/>\n<meta property=\"og:url\" content=\"https:\/\/www.marksopen.com\/\" \/>\n<meta property=\"og:site_name\" content=\"365 \u20ac Marca Nacional - 1.199 \u20ac Marca de la Uni\u00f3n Europea\" \/>\n<meta property=\"article:publisher\" content=\"https:\/\/www.facebook.com\/marksopen\/\" \/>\n<meta property=\"article:modified_time\" content=\"2024-01-17T08:22:09+00:00\" \/>\n<meta name=\"twitter:card\" content=\"summary_large_image\" \/>\n<meta name=\"twitter:label1\" content=\"Tiempo de lectura\" \/>\n\t<meta name=\"twitter:data1\" content=\"2 minutos\" \/>\n<script type=\"application\/ld+json\" class=\"yoast-schema-graph\">{\"@context\":\"https:\/\/schema.org\",\"@graph\":[{\"@type\":\"WebPage\",\"@id\":\"https:\/\/www.marksopen.com\/\",\"url\":\"https:\/\/www.marksopen.com\/\",\"name\":\"365 \u20ac Marca Nacional - 1.199 \u20ac Marca de la Uni\u00f3n Europea\",\"isPartOf\":{\"@id\":\"https:\/\/www.marksopen.com\/#website\"},\"datePublished\":\"2023-01-04T16:26:09+00:00\",\"dateModified\":\"2024-01-17T08:22:09+00:00\",\"description\":\"165 \u20ac solicita tu MARCA en Espa\u00f1a y 1.170 \u20ac en la Uni\u00f3n Europea. Ll\u00e1manos al 747 466 711 o env\u00eda tu consulta a info@marksopen.com. Te ayudamos a registrar tu MARCA\u00ae\",\"breadcrumb\":{\"@id\":\"https:\/\/www.marksopen.com\/#breadcrumb\"},\"inLanguage\":\"es\",\"potentialAction\":[{\"@type\":\"ReadAction\",\"target\":[\"https:\/\/www.marksopen.com\/\"]}]},{\"@type\":\"BreadcrumbList\",\"@id\":\"https:\/\/www.marksopen.com\/#breadcrumb\",\"itemListElement\":[{\"@type\":\"ListItem\",\"position\":1,\"name\":\"Portada\",\"item\":\"https:\/\/www.marksopen.com\/\"},{\"@type\":\"ListItem\",\"position\":2,\"name\":\"MARCAS\"}]},{\"@type\":\"WebSite\",\"@id\":\"https:\/\/www.marksopen.com\/#website\",\"url\":\"https:\/\/www.marksopen.com\/\",\"name\":\"MARKOPEN\",\"description\":\"Nos encargamos de proteger tu MARCA o PATENTE en cualquier pa\u00eds del mundo\",\"publisher\":{\"@id\":\"https:\/\/www.marksopen.com\/#organization\"},\"alternateName\":\"MARCAS Y PATENTES\",\"potentialAction\":[{\"@type\":\"SearchAction\",\"target\":{\"@type\":\"EntryPoint\",\"urlTemplate\":\"https:\/\/www.marksopen.com\/?s={search_term_string}\"},\"query-input\":\"required name=search_term_string\"}],\"inLanguage\":\"es\"},{\"@type\":\"Organization\",\"@id\":\"https:\/\/www.marksopen.com\/#organization\",\"name\":\"MARKOPEN\",\"alternateName\":\"MARCAS Y PATENTES\",\"url\":\"https:\/\/www.marksopen.com\/\",\"logo\":{\"@type\":\"ImageObject\",\"inLanguage\":\"es\",\"@id\":\"https:\/\/www.marksopen.com\/#\/schema\/logo\/image\/\",\"url\":\"https:\/\/www.marksopen.com\/wp-content\/uploads\/2023\/01\/cropped-LOGO-GRANDE.jpg\",\"contentUrl\":\"https:\/\/www.marksopen.com\/wp-content\/uploads\/2023\/01\/cropped-LOGO-GRANDE.jpg\",\"width\":961,\"height\":265,\"caption\":\"MARKOPEN\"},\"image\":{\"@id\":\"https:\/\/www.marksopen.com\/#\/schema\/logo\/image\/\"},\"sameAs\":[\"https:\/\/www.linkedin.com\/company\/marksopen\/\",\"https:\/\/www.facebook.com\/marksopen\/\"]}]}<\/script>\n<!-- \/ Yoast SEO plugin. -->","yoast_head_json":{"title":"365 \u20ac Marca Nacional - 1.199 \u20ac Marca de la Uni\u00f3n Europea","description":"165 \u20ac solicita tu MARCA en Espa\u00f1a y 1.170 \u20ac en la Uni\u00f3n Europea. Ll\u00e1manos al 747 466 711 o env\u00eda tu consulta a info@marksopen.com. Te ayudamos a registrar tu MARCA\u00ae","robots":{"index":"index","follow":"follow","max-snippet":"max-snippet:-1","max-image-preview":"max-image-preview:large","max-video-preview":"max-video-preview:-1"},"canonical":"https:\/\/www.marksopen.com\/","og_locale":"es_ES","og_type":"article","og_title":"365 \u20ac Marca Nacional - 1.199 \u20ac Marca de la Uni\u00f3n Europea","og_description":"165 \u20ac solicita tu MARCA en Espa\u00f1a y 1.170 \u20ac en la Uni\u00f3n Europea. Ll\u00e1manos al 747 466 711 o env\u00eda tu consulta a info@marksopen.com. Te ayudamos a registrar tu MARCA\u00ae","og_url":"https:\/\/www.marksopen.com\/","og_site_name":"365 \u20ac Marca Nacional - 1.199 \u20ac Marca de la Uni\u00f3n Europea","article_publisher":"https:\/\/www.facebook.com\/marksopen\/","article_modified_time":"2024-01-17T08:22:09+00:00","twitter_card":"summary_large_image","twitter_misc":{"Tiempo de lectura":"2 minutos"},"schema":{"@context":"https:\/\/schema.org","@graph":[{"@type":"WebPage","@id":"https:\/\/www.marksopen.com\/","url":"https:\/\/www.marksopen.com\/","name":"365 \u20ac Marca Nacional - 1.199 \u20ac Marca de la Uni\u00f3n Europea","isPartOf":{"@id":"https:\/\/www.marksopen.com\/#website"},"datePublished":"2023-01-04T16:26:09+00:00","dateModified":"2024-01-17T08:22:09+00:00","description":"165 \u20ac solicita tu MARCA en Espa\u00f1a y 1.170 \u20ac en la Uni\u00f3n Europea. Ll\u00e1manos al 747 466 711 o env\u00eda tu consulta a info@marksopen.com. Te ayudamos a registrar tu MARCA\u00ae","breadcrumb":{"@id":"https:\/\/www.marksopen.com\/#breadcrumb"},"inLanguage":"es","potentialAction":[{"@type":"ReadAction","target":["https:\/\/www.marksopen.com\/"]}]},{"@type":"BreadcrumbList","@id":"https:\/\/www.marksopen.com\/#breadcrumb","itemListElement":[{"@type":"ListItem","position":1,"name":"Portada","item":"https:\/\/www.marksopen.com\/"},{"@type":"ListItem","position":2,"name":"MARCAS"}]},{"@type":"WebSite","@id":"https:\/\/www.marksopen.com\/#website","url":"https:\/\/www.marksopen.com\/","name":"MARKOPEN","description":"Nos encargamos de proteger tu MARCA o PATENTE en cualquier pa\u00eds del mundo","publisher":{"@id":"https:\/\/www.marksopen.com\/#organization"},"alternateName":"MARCAS Y PATENTES","potentialAction":[{"@type":"SearchAction","target":{"@type":"EntryPoint","urlTemplate":"https:\/\/www.marksopen.com\/?s={search_term_string}"},"query-input":"required name=search_term_string"}],"inLanguage":"es"},{"@type":"Organization","@id":"https:\/\/www.marksopen.com\/#organization","name":"MARKOPEN","alternateName":"MARCAS Y PATENTES","url":"https:\/\/www.marksopen.com\/","logo":{"@type":"ImageObject","inLanguage":"es","@id":"https:\/\/www.marksopen.com\/#\/schema\/logo\/image\/","url":"https:\/\/www.marksopen.com\/wp-content\/uploads\/2023\/01\/cropped-LOGO-GRANDE.jpg","contentUrl":"https:\/\/www.marksopen.com\/wp-content\/uploads\/2023\/01\/cropped-LOGO-GRANDE.jpg","width":961,"height":265,"caption":"MARKOPEN"},"image":{"@id":"https:\/\/www.marksopen.com\/#\/schema\/logo\/image\/"},"sameAs":["https:\/\/www.linkedin.com\/company\/marksopen\/","https:\/\/www.facebook.com\/marksopen\/"]}]}},"_links":{"self":[{"href":"https:\/\/www.marksopen.com\/index.php?rest_route=\/wp\/v2\/pages\/131","targetHints":{"allow":["GET"]}}],"collection":[{"href":"https:\/\/www.marksopen.com\/index.php?rest_route=\/wp\/v2\/pages"}],"about":[{"href":"https:\/\/www.marksopen.com\/index.php?rest_route=\/wp\/v2\/types\/page"}],"author":[{"embeddable":true,"href":"https:\/\/www.marksopen.com\/index.php?rest_route=\/wp\/v2\/users\/1"}],"replies":[{"embeddable":true,"href":"https:\/\/www.marksopen.com\/index.php?rest_route=%2Fwp%2Fv2%2Fcomments&post=131"}],"version-history":[{"count":10,"href":"https:\/\/www.marksopen.com\/index.php?rest_route=\/wp\/v2\/pages\/131\/revisions"}],"predecessor-version":[{"id":246,"href":"https:\/\/www.marksopen.com\/index.php?rest_route=\/wp\/v2\/pages\/131\/revisions\/246"}],"wp:attachment":[{"href":"https:\/\/www.marksopen.com\/index.php?rest_route=%2Fwp%2Fv2%2Fmedia&parent=131"}],"curies":[{"name":"wp","href":"https:\/\/api.w.org\/{rel}","templated":true}]}}